{"id":31920,"date":"2021-10-04T14:40:48","date_gmt":"2021-10-04T12:40:48","guid":{"rendered":"https:\/\/esel-walk-wesel.de\/?page_id=31920"},"modified":"2023-03-19T10:37:15","modified_gmt":"2023-03-19T09:37:15","slug":"2021-2","status":"publish","type":"page","link":"https:\/\/esel-walk-wesel.de\/index.php\/2021-2\/","title":{"rendered":"2021"},"content":{"rendered":"<div class=\"wpb-content-wrapper\"><p>[vc_row full_width=&#8221;stretch_row_content_no_spaces&#8221; css=&#8221;.vc_custom_1679218627507{margin-top: -40px !important;}&#8221;][vc_column][vc_single_image image=&#8221;32225&#8243; img_size=&#8221;full&#8221;][vc_column_text]<a href=\"https:\/\/www.youtube.com\/watch?v=Edylx7gnYn0\" target=\"_blank\" rel=\"noopener\">Youtube Video Lauffreunde HADI Wesel e.V. click<\/a>[\/vc_column_text][vc_empty_space height=&#8221;35&#8243;][\/vc_column][\/vc_row][vc_row][vc_column][vc_row_inner][vc_column_inner width=&#8221;1\/4&#8243;][vc_empty_space height=&#8221;60px&#8221;][vc_single_image image=&#8221;31871&#8243; img_size=&#8221;medium&#8221;][\/vc_column_inner][vc_column_inner width=&#8221;3\/4&#8243;][vc_column_text]<\/p>\n<h1>2. ESEL-WALK Wesel 02. Oktober 2021<\/h1>\n<p style=\"text-align: left;\">Der 2. <a class=\"oajrlxb2 g5ia77u1 qu0x051f esr5mh6w e9989ue4 r7d6kgcz rq0escxv nhd2j8a9 nc684nl6 p7hjln8o kvgmc6g5 cxmmr5t8 oygrvhab hcukyx3x jb3vyjys rz4wbd8a qt6c0cv9 a8nywdso i1ao9s8h esuyzwwr f1sip0of lzcic4wl q66pz984 gpro0wi8 b1v8xokw\" tabindex=\"0\" role=\"link\" href=\"https:\/\/www.facebook.com\/events\/494217798525795\/\"><span class=\"nc684nl6\">Esel Walk Wesel<\/span><\/a> fand am Samstag 2. Oktober 2021 endlich wieder vor Ort bei angenehmen Herbstwetter statt. Wir konnten erfreulicherweise 63 Teilnehmer\/innen aus nah und fern sowie 2 echte Esel begr\u00fc\u00dfen. Neben vielen bekannten Athleten waren auch wieder der OTV Oberhausen und der AS Neukirchen-Vluyn mit einer gro\u00dfen Anzahl Mitgliedern vor Ort. Nach den jetzt neuerdings 7,5 zu absolvierenden Kilometern sah man bei der folgenden Siegerehrung viele gut gelaunte Gesichter. Da man sich in Walkerkreisen gut kennt, war bei Kaffee und Kuchen Zeit wieder ohne Maske im Freien zu fachsimpeln. F\u00fcr Fotos standen zudem auch die zutraulichen Esel der Eselfreunde Niederrhein zur Verf\u00fcgung. F\u00fcr viele Aktive war es heute ein kleiner Schritt in die Normalit\u00e4t.<\/p>\n<p>[\/vc_column_text][\/vc_column_inner][\/vc_row_inner][vc_empty_space height=&#8221;60px&#8221;][\/vc_column][\/vc_row][vc_row][vc_column][vc_custom_heading text=&#8221;Sieger &amp; Siegerinnen 2021&#8243; font_container=&#8221;tag:h2|text_align:center&#8221; google_fonts=&#8221;font_family:Open%20Sans%3A300%2C300italic%2Cregular%2Citalic%2C600%2C600italic%2C700%2C700italic%2C800%2C800italic|font_style:300%20light%20regular%3A300%3Anormal&#8221;][vc_empty_space height=&#8221;60px&#8221;][\/vc_column][\/vc_row][vc_row][vc_column][vc_column_text]<\/p>\n<h2 style=\"text-align: center;\"><span style=\"color: #333333;\">7,5 km Walking<\/span><\/h2>\n<p>[\/vc_column_text][\/vc_column][\/vc_row][vc_row][vc_column width=&#8221;1\/6&#8243;][\/vc_column][vc_column width=&#8221;2\/6&#8243;][vc_column_text]<\/p>\n<p style=\"text-align: left;\"><span style=\"color: #333333;\">1. Fabian Witzer \/ 49:37 AS Neukirchen-Vluyn<\/span><br \/>\n<span style=\"color: #333333;\">2. Ronald Peter \/ 53:37 HLG 98 Wuppertal<\/span><br \/>\n<span style=\"color: #333333;\">3. Dieter N\u00f6ldemann \/ 55:09 Run for Fun<\/span><\/p>\n<p>[\/vc_column_text][\/vc_column][vc_column width=&#8221;2\/6&#8243;][vc_column_text]<\/p>\n<p style=\"text-align: left;\"><span style=\"color: #333333;\">1. Anna Seeberger \/ 50:30 Viersen<\/span><br \/>\n<span style=\"color: #333333;\">2. Ulla Warnecke \/ 51:40 Marathon Dinslaken<\/span><br \/>\n<span style=\"color: #333333;\">3. Anette Eimers \/ 52:25 Reiterverein Wesel-Obrighoven<\/span><\/p>\n<p>[\/vc_column_text][\/vc_column][vc_column width=&#8221;1\/6&#8243;][\/vc_column][\/vc_row][vc_row][vc_column][vc_empty_space height=&#8221;60px&#8221;][vc_column_text]<\/p>\n<h2 style=\"text-align: center;\"><span style=\"color: #333333;\">7,5 km Nordic Walking<\/span><\/h2>\n<p>[\/vc_column_text][\/vc_column][\/vc_row][vc_row][vc_column][vc_separator color=&#8221;green&#8221; el_width=&#8221;10&#8243;][\/vc_column][\/vc_row][vc_row][vc_column width=&#8221;1\/6&#8243;][\/vc_column][vc_column width=&#8221;2\/6&#8243;][vc_column_text]<\/p>\n<p style=\"text-align: left;\"><span style=\"color: #333333;\">1.Peter B\u00fcrgel \/ 51:40 AS Neukirchen-Vluyn<\/span><br \/>\n<span style=\"color: #333333;\">2. Rolf Lappe \/ 53:51 AS Neukirchen &#8211; Vluyn<\/span><br \/>\n<span style=\"color: #333333;\">3. Achim Genz \/ 54:20 AS Neukirchen &#8211; Vluyn<\/span><\/p>\n<p>[\/vc_column_text][\/vc_column][vc_column width=&#8221;2\/6&#8243;][vc_column_text]<\/p>\n<p style=\"text-align: left;\"><span style=\"color: #333333;\">1. Monika Bodde \/ 54:44 AS Neukirchen-Vluyn<\/span><br \/>\n<span style=\"color: #333333;\">2. Christa Postulart \/ 55:17 (Wesel)<\/span><br \/>\n<span style=\"color: #333333;\">3. Andrea Hessels \/ 59:24 AS Neukirchen-Vluyn<\/span><\/p>\n<p>[\/vc_column_text][\/vc_column][vc_column width=&#8221;1\/6&#8243;][\/vc_column][\/vc_row][vc_row][vc_column][vc_empty_space][\/vc_column][\/vc_row][vc_row][vc_column width=&#8221;1\/2&#8243;][\/vc_column][vc_column width=&#8221;1\/4&#8243;][vc_column_text]<span style=\"color: #333333;\">Eine komplette Liste aller Teilnehmer und Platzierungen findest du hier.<\/span>[\/vc_column_text][\/vc_column][vc_column width=&#8221;1\/4&#8243;][vc_btn title=&#8221;Ergebnisse 2021&#8243; color=&#8221;green&#8221; size=&#8221;sm&#8221; link=&#8221;url:https%3A%2F%2Fmy.raceresult.com%2F174363%2Fresults||target:%20_blank|&#8221;][\/vc_column][\/vc_row][vc_row][vc_column][vc_separator color=&#8221;green&#8221;][\/vc_column][\/vc_row][vc_row][vc_column][vc_empty_space][vc_custom_heading text=&#8221;Bildergalerie&#8221; google_fonts=&#8221;font_family:Open%20Sans%3A300%2C300italic%2Cregular%2Citalic%2C600%2C600italic%2C700%2C700italic%2C800%2C800italic|font_style:300%20light%20regular%3A300%3Anormal&#8221;][\/vc_column][\/vc_row][vc_row full_width=&#8221;stretch_row_content&#8221; content_placement=&#8221;middle&#8221;][vc_column alignment=&#8221;center&#8221;][vc_masonry_media_grid style=&#8221;load-more&#8221; items_per_page=&#8221;24&#8243; btn_color=&#8221;juicy-pink&#8221; grid_id=&#8221;vc_gid:1679218621335-4eac5062-8ea5-7&#8243; include=&#8221;31914,31984,31977,31976,31975,31974,31973,31972,31971,31970,31969,31968,31967,31966,31965,31964,31963,31962,31961,31960,31959,31958,31957,31956,31955,31954,31953,31952,31951,31950,31949,31948,31994,31995,31996,31997,31998,31999,32000,32001,32002,32003,32004,32005,32006,32007,32008,32009,32010,32011,32012,32013,32014,32015,32016,32017,32018,32019,32020,32021,32022,32023,32024,32025,32026,32027,32028,32029,32030,32031,32032,32033,32034,32035,32036,32037,32038,32039,32040,32041,32042,32043,32044,32045,32046,32047,32048,32049,32050,32051,32052,32053&#8243;][\/vc_column][\/vc_row][vc_row][vc_column][vc_custom_heading text=&#8221;Sch\u00f6n war`s&#8230;. wir freuen uns auf`s n\u00e4chste Jahr!<\/p>\n<p>Gru\u00df Eure HADI`s&#8221; font_container=&#8221;tag:h3|font_size:20|text_align:center|color:%23f400cc&#8221; google_fonts=&#8221;font_family:Open%20Sans%3A300%2C300italic%2Cregular%2Citalic%2C600%2C600italic%2C700%2C700italic%2C800%2C800italic|font_style:400%20regular%3A400%3Anormal&#8221; css_animation=&#8221;rollIn&#8221;][\/vc_column][\/vc_row][vc_row][vc_column][vc_separator color=&#8221;green&#8221; el_width=&#8221;10&#8243;][\/vc_column][\/vc_row]<\/p>\n<\/div>","protected":false},"excerpt":{"rendered":"<p>[vc_row full_width=&#8221;stretch_row_content_no_spaces&#8221; css=&#8221;.vc_custom_1679218627507{margin-top: -40px !important;}&#8221;][vc_column][vc_single_image image=&#8221;32225&#8243; img_size=&#8221;full&#8221;][vc_column_text]Youtube Video Lauffreunde HADI Wesel e.V. click[\/vc_column_text][vc_empty_space height=&#8221;35&#8243;][\/vc_column][\/vc_row][vc_row][vc_column][vc_row_inner][vc_column_inner width=&#8221;1\/4&#8243;][vc_empty_space height=&#8221;60px&#8221;][vc_single_image image=&#8221;31871&#8243; img_size=&#8221;medium&#8221;][\/vc_column_inner][vc_column_inner width=&#8221;3\/4&#8243;][vc_column_text] 2. ESEL-WALK Wesel 02. Oktober 2021 Der 2. Esel Walk Wesel fand am Samstag 2. Oktober 2021 endlich wieder vor Ort bei angenehmen Herbstwetter statt. Wir konnten erfreulicherweise 63 Teilnehmer\/innen aus nah und fern sowie 2 [&hellip;]<\/p>\n","protected":false},"author":1,"featured_media":0,"parent":0,"menu_order":0,"comment_status":"closed","ping_status":"closed","template":"","meta":{"advanced_seo_description":"","jetpack_seo_html_title":"","jetpack_seo_noindex":false,"footnotes":""},"class_list":["post-31920","page","type-page","status-publish","hentry"],"jetpack_sharing_enabled":true,"_links":{"self":[{"href":"https:\/\/esel-walk-wesel.de\/index.php\/wp-json\/wp\/v2\/pages\/31920","targetHints":{"allow":["GET"]}}],"collection":[{"href":"https:\/\/esel-walk-wesel.de\/index.php\/wp-json\/wp\/v2\/pages"}],"about":[{"href":"https:\/\/esel-walk-wesel.de\/index.php\/wp-json\/wp\/v2\/types\/page"}],"author":[{"embeddable":true,"href":"https:\/\/esel-walk-wesel.de\/index.php\/wp-json\/wp\/v2\/users\/1"}],"replies":[{"embeddable":true,"href":"https:\/\/esel-walk-wesel.de\/index.php\/wp-json\/wp\/v2\/comments?post=31920"}],"version-history":[{"count":0,"href":"https:\/\/esel-walk-wesel.de\/index.php\/wp-json\/wp\/v2\/pages\/31920\/revisions"}],"wp:attachment":[{"href":"https:\/\/esel-walk-wesel.de\/index.php\/wp-json\/wp\/v2\/media?parent=31920"}],"curies":[{"name":"wp","href":"https:\/\/api.w.org\/{rel}","templated":true}]}}